, 373
Suppose 59844 = -5*o + 4*r, -5*r + 23933 = -2*o - 8*r. List the prime factors of o/(-18) - (5 - 3)/(-18).
5, 7, 19
Suppose -x + 170 + 1594 = 0. List the prime factors of x.
2, 3, 7
Let d = -7660 + 25498. What are the prime factors of d?
2, 3, 991
Let s(b) = -b. Let c(v) = 2*v**2 - v + 2. Let x(y) = -c(y) + 6*s(y). Let l be x(3). What are the prime factors of ((-1)/5 - 4)*l?
3, 7
Let l(u) = -u**3 + 3*u**2 + 8*u - 28. Let s be l(-10). Suppose z = -4*d + 1066 + 1318, -2*d = 2*z - s. List the prime factors of d.
2, 149
Let a be 23/5 - 18/30. Let x(l) = l**3 - 3*l**2 - l + 33. Let m be x(0). What are the prime factors of (m/12 - 3) + 401/a?
2, 5
Let k be (-4)/(-1) + -1 + (4 - -1). Suppose 5 = -k*s + 7*s. List the prime factors of s/5 + 0 + 122/2.
2, 3, 5
Let o = 124 - 226. Let s = o + 102. Suppose 0 = 7*y - s*y - 1176. List the prime factors of y.
2, 3, 7
Let x = 2631 - 772. What are the prime factors of x?
11, 13
Suppose -r + 5*t = 3*r - 14879, -3736 = -r - 2*t. What are the prime factors of r?
2, 3, 23
Let d(t) = 120*t - 3646. List the prime factors of d(75).
2, 2677
Let m(t) = t + 19. Let q be m(-15). Let s be 0 - (-2 + q - 1). List the prime factors of 134 - (s + 3 - (-2 - 0)).
2, 5, 13
Let a(r) = 30*r**3 + 6*r**2 - 2*r - 1. Let b = -109 + 111. What are the prime factors of a(b)?
7, 37
Let l = -49 - -36. Let g = -9 - l. Suppose 0 = -w - g*r + 2, -3*w + 2*r + 44 = w. What are the prime factors of w?
2, 5
Let t(g) = -1074*g - 120. Let v be t(28). List the prime factors of (0 + (-18)/(-4))/((-306)/v).
2, 3, 37
Let h be ((-9)/27)/(2/(-24)). Suppose 4*q - 2*y + 22 - 726 = 0, -y - h = 0. List the prime factors of q.
2, 3, 29
Let u = 26228 - 16533. List the prime factors of u.
5, 7, 277
Let v = -578 + 1064. What are the prime factors of v?
2, 3
Suppose -l + 21*l = 120. List the prime factors of (-1176)/(-10) + l/(-10).
3, 13
Suppose 4*x = -5*s + 26717, -5*x - 9*s = -4*s - 33395. List the prime factors of x.
2, 3, 7, 53
Let r(a) = 16*a**2 + a. Let g be r(-1). Let d = -26 + 39. Suppose g*c - 126 = d*c. List the prime factors of c.
3, 7
Let p(q) = 166*q**2 + 11*q - 144. Let f be p(18). Suppose 0 = -26*n + f - 12368. List the prime factors of n.
5, 11, 29
Suppose 6*s + 275 - 5 = 0. Let v be s/3 - (2 + -1). List the prime factors of (688/(-20))/(v/(-10) + -2).
2, 43
Let c(o) = -953*o - 1553. List the prime factors of c(-10).
3, 2659
Let b(t) = t**2 + 6*t + 5. Let p be b(-4). Suppose -2*h = -3*z + 383, -368 = 2*h + 7*z - 5*z. List the prime factors of h/(-22) + 1/(2/p).
7
Let r be (55/10)/((-1)/8). What are the prime factors of (106*(-2)/(-4))/((-4)/r)?
11, 53
Suppose -4*s + 119506 = -3*f, 47*s + 5*f - 89615 = 44*s. List the prime factors of s.
5, 239
Suppose -4*x = -2*t - 14, -6 - 7 = 2*t - 5*x. List the prime factors of (t - -502) + -2 + 2.
17, 29
Suppose 3*l - 4*j = -2*l - 5, 28 = l + 5*j. Suppose 3*d = -l*d - 3*d. Suppose -2*w + d*w + 177 = 5*y, -4*y = 4*w - 372. List the prime factors of w.
2, 3
Suppose -3*v = 5*z - 69, 3*z + 2*z - 4*v - 83 = 0. Let d = -11 + z. Suppose 3*l = d*r + 389, l = 2*r + 112 + 21. List the prime factors of l.
3, 41
Let t = -15136 + 36946. What are the prime factors of t?
2, 3, 5, 727
Let t be 2 + (14/2 - 2)/1. Suppose -t*x = -x - 270. What are the prime factors of x?
3, 5
Suppose -7*d + 3*d = -8. Let h = d - 6. List the prime factors of (25/10)/(1/110) - h.
3, 31
Let s = 2376 + 462. List the prime factors of s.
2, 3, 11, 43
Suppose -13*j + f - 475 = -9*j, 2*f = 5*j + 593. Suppose -5*k + 1093 = 163. Let u = k + j. List the prime factors of u.
67
Suppose 285 - 702 = -h. Suppose -m - 736 = 3*o, -9*m = -14*m - 5. Let j = h + o. List the prime factors of j.
2, 43
Let p = -328 + 193. Let f = p + 57. Let h = f - -140. List the prime factors of h.
2, 31
Suppose 3*y - 135*v - 38110 = -134*v, -5*v = 5. List the prime factors of y.
12703
What are the prime factors of 33/(-264) + (-324891)/(-24)?
13537
Suppose 291*m - 187*m = -566790 + 5870270. List the prime factors of m.
5, 7, 31, 47
Let x(v) = 7*v**2 - 461*v - 344. Let h be x(66). Suppose 6*b - 408 = 5*b. Let q = h + b. What are the prime factors of q?
2, 5, 13
What are the prime factors of 12056*12/120*5?
2, 11, 137
List the prime factors of 48*(-168 + -2)*(-21 + (-3438)/(-270)).
2, 17, 31
Let c = 315 + -317. List the prime factors of (-16620)/(-24) + (5/c)/5.
2, 173
Let h(t) = -13*t - 47. Let q be h(-4). Suppose -f = q*v - v - 97, -3*v + 72 = f. What are the prime factors of v?
5
Let z = 19342 - 9512. List the prime factors of z.
2, 5, 983
Let d(c) = 215*c + 56. Suppose w = -1456 + 1462. What are the prime factors of d(w)?
2, 673
Suppose -3262801 = -115*b - 234*b. List the prime factors of b.
9349
List the prime factors of (9 + 78828/(-24))/(3 - 13/4).
2, 6551
Let s = -4513 - -14091. List the prime factors of s.
2, 4789
Let f(x) = -559*x**3 + 7*x**2 - 85*x - 299. What are the prime factors of f(-4)?
19, 31, 61
Suppose -2*o + 5*b = -79, -39 = 7*o - 8*o + 3*b. Let v(k) = 7*k + 5*k - 27*k - o + 12*k. List the prime factors of v(-27).
3, 13
Let z(u) = -171*u + 20811. List the prime factors of z(0).
3, 7, 991
Let v(t) = -t**2 + 5*t + 10024. Let p be v(0). Suppose -8*l + 36*l - p = 0. What are the prime factors of l?
2, 179
Let i = 660 + -648. Suppose -1653 + 8721 = i*j. List the prime factors of j.
19, 31
Suppose -8*o = -7*o - 2268. Suppose -9*b = -o - 5103. What are the prime factors of b?
3, 7, 13
Let o be -2 - (0 + -5) - (-3)/(-3). Suppose 8 = -o*h, 7*h = -2*d + 6*h + 102. List the prime factors of (d/(-2))/((-280)/(-48) + -6).
3, 53
Let x(a) = -a**2 + 3*a + 7. Let v be x(3). Suppose 0 = 3*c - 5*n + v*n - 734, 0 = 5*c + 4*n - 1226. What are the prime factors of c?
2, 11
Let m(v) = -160*v + 2862. What are the prime factors of m(-70)?
2, 79, 89
Let k(f) = 6*f - 5*f - 8 - 4*f. Let b be k(-2). What are the prime factors of (237 - 4)*(-1 - b)?
233
List the prime factors of ((-9)/5)/(((-210)/132550)/21).
3, 11, 241
Let l(x) = -775*x - 966. What are the prime factors of l(-4)?
2, 11, 97
Let j be 5/3*(-18)/(-10) + -2. Let n(l) = 459*l - 13. List the prime factors of n(j).
2, 223
Suppose -z + 2378 = 120. What are the prime factors of z?
2, 1129
Suppose -20*o + 36 = -16*o. Let t = 27 + -27. Suppose t = 14*k - o*k - 345. What are the prime factors of k?
3, 23
Let m(t) = 31*t + 190. Suppose -5*c = -g - 80, 5*c - 5*g - 40 = 4*c. What are the prime factors of m(c)?
5, 131
Let w = -1249 - -2306. Suppose 5*t = w + 478. Suppose -8*p + 117 = -t. What are the prime factors of p?
53
Let j = -126 - -128. Let c be 3 - ((-40)/(-2) - (-4 - -3)). What are the prime factors of ((-9)/c)/(j + 566/(-284))?
71
Let a = -71 - -123. Suppose -55*k + 516 = -a*k. What are the prime factors of k?
2, 43
Suppose 2*r = -8, -5*n - r - 25 = 4*r. Let f be (n/(-1))/(14/3962). Let g = 417 - f. List the prime factors of g.
2, 67
Let x(n) = -n**3 + 10*n**2 + 3*n + 14. Let g(u) = u**2 - 16*u + 6. Let b be g(16). What are the prime factors of x(b)?
2, 11
Suppose 3*n = a - 6675, -2*a + 32*n = 30*n - 13350. What are the prime factors of a?
3, 5, 89
Suppose 5*t - t = -8. What are the prime factors of 19*(-29)/t + 2/(-4)?
5, 11
Suppose 0 = 2*m + 5 - 17. Suppose -m*h - 57 = 21. Let g(f) = f**3 + 11*f**2 - 25*f + 16. List the prime factors of g(h).
3
Let p be (-3138)/(-7) - 56/196 - 4. Suppose -5*v = -l + 248, -p = -4*l + 2*v + 602. What are the prime factors of l?
263
Suppose 5*a = -v - 2330, -4*a - 2393 = 4*v - 513. Let k(c) = 2*c**3 - 51*c**2 + 11*c + 95. Let z be k(25). Let l = z - a. What are the prime factors of l?
2, 3, 5, 7
Suppose -326*z = -331*z + 43820. List the prime factors of z.
2, 7, 313
Suppose 4*i - 12*l + 10*l = 28, 23 = 3*i - l. Suppose -2138 = i*b - 11021. What are the prime factors of b?
3, 7, 47
Let g = -30386 + 54868. What are the prime factors of g?
2, 12241
What are the prime factors of 131637/2 + 17 + (-86)/4?
2, 3, 7, 1567
Let i(w) = -w**2 - 2*w + 11. Let q be i(-4). List the prime factors of q + -4 + 307 + 0.
2, 3, 17
Let x = 13013 + -2931. What are the prime factors of x?
2, 71
Let t = 56 - 59. Let w be t/(54/4) - 140/(-63). Suppose 10 = -0*u + u - g, -2*u - w*g = 0. What are the prime factors of u?
5
Suppose -o - 5*v = -6509, -4*v = 5*o - 23639 - 8822. What are the prime factors of o?
3, 7, 103
Supp